{"id":1762,"date":"2024-02-26T08:54:40","date_gmt":"2024-02-26T12:54:40","guid":{"rendered":"https:\/\/rss-nmr.info\/?page_id=1762"},"modified":"2026-03-31T10:46:10","modified_gmt":"2026-03-31T14:46:10","slug":"amas","status":"publish","type":"page","link":"https:\/\/rss-nmr.info\/index.php\/amas\/","title":{"rendered":"AMAS"},"content":{"rendered":"\n<p><\/p>\n\n\n\n<!-- clock widget start -->\n<script type=\"text\/javascript\"> var css_file=document.createElement(\"link\"); css_file.setAttribute(\"rel\",\"stylesheet\"); css_file.setAttribute(\"type\",\"text\/css\"); css_file.setAttribute(\"href\",\"https:\/\/s.bookcdn.com\/\/css\/cl\/bw-cl-c22.css?v=0.0.1\"); document.getElementsByTagName(\"head\")[0].appendChild(css_file); <\/script> <div id=\"tw_22_114177258\"><div style=\"width:200px; height:px; margin: 0 auto;\"><a href=\"https:\/\/hotelmix.es\/time\/la-paz-13481\">La Paz<\/a><br\/><\/div><\/div> <script type=\"text\/javascript\"> function setWidgetData_114177258(data){ if(typeof(data) != 'undefined' && data.results.length > 0) { for(var i = 0; i < data.results.length; ++i) { var objMainBlock = ''; var params = data.results[i]; objMainBlock = document.getElementById('tw_'+params.widget_type+'_'+params.widget_id); if(objMainBlock !== null) objMainBlock.innerHTML = params.html_code; } } } var clock_timer_114177258 = -1; widgetSrc = \"https:\/\/widgets.booked.net\/time\/info?ver=2;domid=582;type=22;id=114177258;scode=;city_id=;wlangid=4;mode=1;details=0;background=ffffff;border_color=ffffff;color=686868;add_background=ffffff;add_color=333333;head_color=ffffff;border=0;transparent=0\"; var widgetUrl = location.href; widgetSrc += '&#038;ref=' + widgetUrl; var wstrackId = \"\"; if (wstrackId) { widgetSrc += ';wstrackId=' + wstrackId + ';' } var timeBookedScript = document.createElement(\"script\"); timeBookedScript.setAttribute(\"type\", \"text\/javascript\"); timeBookedScript.src = widgetSrc; document.body.appendChild(timeBookedScript); <\/script>\n<!-- clock widget end -->\n\n\n\n<h2 class=\"wp-block-heading\"><strong>L'ANOMALIE MAGNETIQUE DE L'ATLANTIQUE SUD<\/strong><\/h2>\n\n\n\n<p>C'est un ph\u00e9nom\u00e8ne rarement pris en compte en exploration p\u00e9troli\u00e8re. L\u2019\u00e9picentre serait en Bolivie et elle s\u2019\u00e9tend jusqu\u2019\u00e0 l\u2019Afrique Australe. <\/p>\n\n\n\n<p>Je vous conseille de descendre une de ces 4 documents si vous parlez une de ces langues.<\/p>\n\n\n\n<p>Si vous ne parlez pas une de ces langues veuillez utilisez google translate en partant de ce lien d\u00e9j\u00e0 pr\u00e9r\u00e9gl\u00e9 sur la version originale en<strong> fran\u00e7ais<\/strong><\/p>\n\n\n\n<ol class=\"wp-block-list\">\n<li>T\u00e9l\u00e9chargez la version fran\u00e7aise<\/li>\n\n\n\n<li>Allez a <a href=\"https:\/\/translate.google.com\/?hl=fr&amp;sl=fr&amp;tl=ru&amp;op=docs\" target=\"_blank\" rel=\"noreferrer noopener\">https:\/\/translate.google.com\/?hl=fr&amp;sl=fr&amp;tl=ru&amp;op=docs<\/a><\/li>\n\n\n\n<li>Chargez la version fran\u00e7aise puis choisissez votre langue de lecture<\/li>\n\n\n\n<li>Telechargez la traduction puis consulter hors ligne tranquillement<\/li>\n<\/ol>\n\n\n\n<h4 class=\"wp-block-heading has-text-align-center\">Version fran\u00e7aise que vous devez utiliser pour traduire dans une des 103 langues de Google Translate (<a href=\"https:\/\/translate.google.com\/?hl=fr&amp;sl=fr&amp;tl=ru&amp;op=docs\">https:\/\/translate.google.com\/?hl=fr&amp;sl=fr&amp;tl=ru&amp;op=docs<\/a>)<\/h4>\n\n\n\n<div data-wp-interactive=\"core\/file\" class=\"wp-block-file aligncenter\"><object data-wp-bind--hidden=\"!state.hasPdfPreview\" hidden class=\"wp-block-file__embed\" data=\"https:\/\/rss-nmr.info\/wp-content\/uploads\/2024\/02\/fr-2022-05-27-LA-AMAS-EXPLIQUE-REV02-1.pdf\" type=\"application\/pdf\" style=\"width:100%;height:600px\" aria-label=\"Contenu embarqu\u00e9 fr-2022-05-27-LA-AMAS-EXPLIQUE-REV02-1.\"><\/object><a id=\"wp-block-file--media-19ea85b2-c7e7-4975-a801-5795cdadfd7e\" href=\"https:\/\/rss-nmr.info\/wp-content\/uploads\/2024\/02\/fr-2022-05-27-LA-AMAS-EXPLIQUE-REV02-1.pdf\">fr-2022-05-27-LA-AMAS-EXPLIQUE-REV02-1<\/a><a href=\"https:\/\/rss-nmr.info\/wp-content\/uploads\/2024\/02\/fr-2022-05-27-LA-AMAS-EXPLIQUE-REV02-1.pdf\" class=\"wp-block-file__button wp-element-button\" download aria-describedby=\"wp-block-file--media-19ea85b2-c7e7-4975-a801-5795cdadfd7e\">T\u00e9l\u00e9charger<\/a><\/div>\n\n\n\n<p><\/p>\n\n\n\n<div data-wp-interactive=\"core\/file\" class=\"wp-block-file\"><object data-wp-bind--hidden=\"!state.hasPdfPreview\" hidden class=\"wp-block-file__embed\" data=\"https:\/\/rss-nmr.info\/wp-content\/uploads\/2026\/03\/fr-2026-03-25-amas-namibie-et-bolivie-converted.pdf\" type=\"application\/pdf\" style=\"width:100%;height:600px\" aria-label=\"Contenu embarqu\u00e9 fr-2026-03-25-amas namibie et bolivie - converted.\"><\/object><a id=\"wp-block-file--media-261cb1e8-834f-48b1-91dc-b8752152fceb\" href=\"https:\/\/rss-nmr.info\/wp-content\/uploads\/2026\/03\/fr-2026-03-25-amas-namibie-et-bolivie-converted.pdf\">fr-2026-03-25-amas namibie et bolivie - converted<\/a><a href=\"https:\/\/rss-nmr.info\/wp-content\/uploads\/2026\/03\/fr-2026-03-25-amas-namibie-et-bolivie-converted.pdf\" class=\"wp-block-file__button wp-element-button\" download aria-describedby=\"wp-block-file--media-261cb1e8-834f-48b1-91dc-b8752152fceb\">T\u00e9l\u00e9charger<\/a><\/div>\n\n\n\n<div data-wp-interactive=\"core\/file\" class=\"wp-block-file\"><object data-wp-bind--hidden=\"!state.hasPdfPreview\" hidden class=\"wp-block-file__embed\" data=\"https:\/\/rss-nmr.info\/wp-content\/uploads\/2024\/02\/uk-2022-05-27-UNDERSTAND-THE-AMAS-REV02.pdf\" type=\"application\/pdf\" style=\"width:100%;height:600px\" aria-label=\"Contenu embarqu\u00e9 uk-2022-05-27-UNDERSTAND-THE-AMAS-REV02.\"><\/object><a id=\"wp-block-file--media-79a8f888-3e10-4d31-a139-b563fe52330d\" href=\"https:\/\/rss-nmr.info\/wp-content\/uploads\/2024\/02\/uk-2022-05-27-UNDERSTAND-THE-AMAS-REV02.pdf\">uk-2022-05-27-UNDERSTAND-THE-AMAS-REV02<\/a><a href=\"https:\/\/rss-nmr.info\/wp-content\/uploads\/2024\/02\/uk-2022-05-27-UNDERSTAND-THE-AMAS-REV02.pdf\" class=\"wp-block-file__button wp-element-button\" download aria-describedby=\"wp-block-file--media-79a8f888-3e10-4d31-a139-b563fe52330d\">T\u00e9l\u00e9charger<\/a><\/div>\n\n\n\n<p><\/p>\n\n\n\n<div data-wp-interactive=\"core\/file\" class=\"wp-block-file\"><object data-wp-bind--hidden=\"!state.hasPdfPreview\" hidden class=\"wp-block-file__embed\" data=\"https:\/\/rss-nmr.info\/wp-content\/uploads\/2026\/03\/2017-05-23-Outsmarting_the_Magnetic_Anomaly-converted-1.pdf\" type=\"application\/pdf\" style=\"width:100%;height:600px\" aria-label=\"Contenu embarqu\u00e9 2017-05-23-Outsmarting_the_Magnetic_Anomaly - converted.\"><\/object><a id=\"wp-block-file--media-490ee578-5586-425c-b2c6-1dced88e060c\" href=\"https:\/\/rss-nmr.info\/wp-content\/uploads\/2026\/03\/2017-05-23-Outsmarting_the_Magnetic_Anomaly-converted-1.pdf\">2017-05-23-Outsmarting_the_Magnetic_Anomaly - converted<\/a><a href=\"https:\/\/rss-nmr.info\/wp-content\/uploads\/2026\/03\/2017-05-23-Outsmarting_the_Magnetic_Anomaly-converted-1.pdf\" class=\"wp-block-file__button wp-element-button\" download aria-describedby=\"wp-block-file--media-490ee578-5586-425c-b2c6-1dced88e060c\">T\u00e9l\u00e9charger<\/a><\/div>\n\n\n\n<div data-wp-interactive=\"core\/file\" class=\"wp-block-file\"><object data-wp-bind--hidden=\"!state.hasPdfPreview\" hidden class=\"wp-block-file__embed\" data=\"https:\/\/rss-nmr.info\/wp-content\/uploads\/2024\/02\/sp-2022-05-27-LA-AMAS-EXPLICADO-Rev.02.pdf\" type=\"application\/pdf\" style=\"width:100%;height:600px\" aria-label=\"Contenu embarqu\u00e9 sp-2022-05-27-LA-AMAS-EXPLICADO-Rev.02.\"><\/object><a id=\"wp-block-file--media-f2e291a2-35a7-4f3e-95cf-a5b71c95e328\" href=\"https:\/\/rss-nmr.info\/wp-content\/uploads\/2024\/02\/sp-2022-05-27-LA-AMAS-EXPLICADO-Rev.02.pdf\">sp-2022-05-27-LA-AMAS-EXPLICADO-Rev.02<\/a><a href=\"https:\/\/rss-nmr.info\/wp-content\/uploads\/2024\/02\/sp-2022-05-27-LA-AMAS-EXPLICADO-Rev.02.pdf\" class=\"wp-block-file__button wp-element-button\" download aria-describedby=\"wp-block-file--media-f2e291a2-35a7-4f3e-95cf-a5b71c95e328\">T\u00e9l\u00e9charger<\/a><\/div>\n\n\n\n<p><\/p>\n\n\n\n<div data-wp-interactive=\"core\/file\" class=\"wp-block-file\"><object data-wp-bind--hidden=\"!state.hasPdfPreview\" hidden class=\"wp-block-file__embed\" data=\"https:\/\/rss-nmr.info\/wp-content\/uploads\/2026\/03\/sp-2017-05-02-AMAS_el-problemon-converted-1.pdf\" type=\"application\/pdf\" style=\"width:100%;height:600px\" aria-label=\"Contenu embarqu\u00e9 sp-2017-05-02-AMAS_el problemon - converted.\"><\/object><a id=\"wp-block-file--media-ae5b6b02-6e19-4959-83a6-784d74182497\" href=\"https:\/\/rss-nmr.info\/wp-content\/uploads\/2026\/03\/sp-2017-05-02-AMAS_el-problemon-converted-1.pdf\">sp-2017-05-02-AMAS_el problemon - converted<\/a><a href=\"https:\/\/rss-nmr.info\/wp-content\/uploads\/2026\/03\/sp-2017-05-02-AMAS_el-problemon-converted-1.pdf\" class=\"wp-block-file__button wp-element-button\" download aria-describedby=\"wp-block-file--media-ae5b6b02-6e19-4959-83a6-784d74182497\">T\u00e9l\u00e9charger<\/a><\/div>\n\n\n\n<div data-wp-interactive=\"core\/file\" class=\"wp-block-file aligncenter\"><object data-wp-bind--hidden=\"!state.hasPdfPreview\" hidden class=\"wp-block-file__embed\" data=\"https:\/\/rss-nmr.info\/wp-content\/uploads\/2024\/02\/pt-2022-05-27-AMAS-EXPLICADO-REV02.pdf\" type=\"application\/pdf\" style=\"width:100%;height:600px\" aria-label=\"Contenu embarqu\u00e9 pt-2022-05-27-AMAS-EXPLICADO-REV02.\"><\/object><a id=\"wp-block-file--media-0246ebe6-9327-48a4-9e33-fa92f541d33c\" href=\"https:\/\/rss-nmr.info\/wp-content\/uploads\/2024\/02\/pt-2022-05-27-AMAS-EXPLICADO-REV02.pdf\">pt-2022-05-27-AMAS-EXPLICADO-REV02<\/a><a href=\"https:\/\/rss-nmr.info\/wp-content\/uploads\/2024\/02\/pt-2022-05-27-AMAS-EXPLICADO-REV02.pdf\" class=\"wp-block-file__button wp-element-button\" download aria-describedby=\"wp-block-file--media-0246ebe6-9327-48a4-9e33-fa92f541d33c\">T\u00e9l\u00e9charger<\/a><\/div>\n\n\n\n<figure class=\"wp-block-image aligncenter size-full\"><img fetchpriority=\"high\" decoding=\"async\" width=\"419\" height=\"362\" src=\"https:\/\/rss-nmr.info\/wp-content\/uploads\/2025\/09\/cartouche-pour-page-rssnmr.jpg\" alt=\"\" class=\"wp-image-2070\" srcset=\"https:\/\/rss-nmr.info\/wp-content\/uploads\/2025\/09\/cartouche-pour-page-rssnmr.jpg 419w, https:\/\/rss-nmr.info\/wp-content\/uploads\/2025\/09\/cartouche-pour-page-rssnmr-300x259.jpg 300w\" sizes=\"(max-width: 419px) 100vw, 419px\" \/><\/figure>\n","protected":false},"excerpt":{"rendered":"<p>La Paz L&rsquo;ANOMALIE MAGNETIQUE DE L&rsquo;ATLANTIQUE SUD C&rsquo;est un ph\u00e9nom\u00e8ne rarement pris en compte en exploration p\u00e9troli\u00e8re. L\u2019\u00e9picentre serait en Bolivie et elle s\u2019\u00e9tend jusqu\u2019\u00e0 l\u2019Afrique Australe. Je vous conseille de descendre une de ces 4 documents si vous parlez une de ces langues. Si vous ne parlez pas une de ces langues veuillez utilisez [&hellip;]<\/p>\n","protected":false},"author":1,"featured_media":0,"parent":0,"menu_order":0,"comment_status":"closed","ping_status":"closed","template":"","meta":{"two_page_speed":[],"footnotes":""},"class_list":["post-1762","page","type-page","status-publish","hentry"],"_links":{"self":[{"href":"https:\/\/rss-nmr.info\/index.php\/wp-json\/wp\/v2\/pages\/1762","targetHints":{"allow":["GET"]}}],"collection":[{"href":"https:\/\/rss-nmr.info\/index.php\/wp-json\/wp\/v2\/pages"}],"about":[{"href":"https:\/\/rss-nmr.info\/index.php\/wp-json\/wp\/v2\/types\/page"}],"author":[{"embeddable":true,"href":"https:\/\/rss-nmr.info\/index.php\/wp-json\/wp\/v2\/users\/1"}],"replies":[{"embeddable":true,"href":"https:\/\/rss-nmr.info\/index.php\/wp-json\/wp\/v2\/comments?post=1762"}],"version-history":[{"count":17,"href":"https:\/\/rss-nmr.info\/index.php\/wp-json\/wp\/v2\/pages\/1762\/revisions"}],"predecessor-version":[{"id":2197,"href":"https:\/\/rss-nmr.info\/index.php\/wp-json\/wp\/v2\/pages\/1762\/revisions\/2197"}],"wp:attachment":[{"href":"https:\/\/rss-nmr.info\/index.php\/wp-json\/wp\/v2\/media?parent=1762"}],"curies":[{"name":"wp","href":"https:\/\/api.w.org\/{rel}","templated":true}]}}