{"id":1684,"date":"2024-02-12T10:47:25","date_gmt":"2024-02-12T14:47:25","guid":{"rendered":"https:\/\/rss-nmr.info\/?page_id=1684"},"modified":"2025-09-16T10:48:52","modified_gmt":"2025-09-16T14:48:52","slug":"resume-didactique","status":"publish","type":"page","link":"https:\/\/rss-nmr.info\/index.php\/resume-didactique\/","title":{"rendered":"R\u00e9sum\u00e9-didactique"},"content":{"rendered":"\n<p><\/p>\n\n\n\n<!-- clock widget start -->\n<script type=\"text\/javascript\"> var css_file=document.createElement(\"link\"); css_file.setAttribute(\"rel\",\"stylesheet\"); css_file.setAttribute(\"type\",\"text\/css\"); css_file.setAttribute(\"href\",\"https:\/\/s.bookcdn.com\/\/css\/cl\/bw-cl-c22.css?v=0.0.1\"); document.getElementsByTagName(\"head\")[0].appendChild(css_file); <\/script> <div id=\"tw_22_114177258\"><div style=\"width:200px; height:px; margin: 0 auto;\"><a href=\"https:\/\/hotelmix.es\/time\/la-paz-13481\">La Paz<\/a><br\/><\/div><\/div> <script type=\"text\/javascript\"> function setWidgetData_114177258(data){ if(typeof(data) != 'undefined' && data.results.length > 0) { for(var i = 0; i < data.results.length; ++i) { var objMainBlock = ''; var params = data.results[i]; objMainBlock = document.getElementById('tw_'+params.widget_type+'_'+params.widget_id); if(objMainBlock !== null) objMainBlock.innerHTML = params.html_code; } } } var clock_timer_114177258 = -1; widgetSrc = \"https:\/\/widgets.booked.net\/time\/info?ver=2;domid=582;type=22;id=114177258;scode=;city_id=;wlangid=4;mode=1;details=0;background=ffffff;border_color=ffffff;color=686868;add_background=ffffff;add_color=333333;head_color=ffffff;border=0;transparent=0\"; var widgetUrl = location.href; widgetSrc += '&#038;ref=' + widgetUrl; var wstrackId = \"\"; if (wstrackId) { widgetSrc += ';wstrackId=' + wstrackId + ';' } var timeBookedScript = document.createElement(\"script\"); timeBookedScript.setAttribute(\"type\", \"text\/javascript\"); timeBookedScript.src = widgetSrc; document.body.appendChild(timeBookedScript); <\/script>\n<!-- clock widget end -->\n\n\n\n<p><\/p>\n\n\n\n<p><\/p>\n\n\n\n<h2 class=\"wp-block-heading has-text-align-center\">Pr\u00e9sentation de la R\u00e9sonance Magn\u00e9tique Nucl\u00e9aire (RSS-RMN)<\/h2>\n\n\n\n<div data-wp-interactive=\"core\/file\" class=\"wp-block-file\"><object data-wp-bind--hidden=\"!state.hasPdfPreview\" hidden class=\"wp-block-file__embed\" data=\"https:\/\/rss-nmr.info\/wp-content\/uploads\/2024\/09\/BREVET.pdf\" type=\"application\/pdf\" style=\"width:100%;height:600px\" aria-label=\"Contenu embarqu\u00e9 BREVET.\"><\/object><a id=\"wp-block-file--media-02a110ad-ab2f-48a2-b904-2998821bdef6\" href=\"https:\/\/rss-nmr.info\/wp-content\/uploads\/2024\/09\/BREVET.pdf\">BREVET<\/a><a href=\"https:\/\/rss-nmr.info\/wp-content\/uploads\/2024\/09\/BREVET.pdf\" class=\"wp-block-file__button wp-element-button\" download aria-describedby=\"wp-block-file--media-02a110ad-ab2f-48a2-b904-2998821bdef6\">T\u00e9l\u00e9charger<\/a><\/div>\n\n\n\n<div data-wp-interactive=\"core\/file\" class=\"wp-block-file\"><object data-wp-bind--hidden=\"!state.hasPdfPreview\" hidden class=\"wp-block-file__embed\" data=\"https:\/\/rss-nmr.info\/wp-content\/uploads\/2024\/09\/uk-RSS-NMR-2004-2024.pdf\" type=\"application\/pdf\" style=\"width:100%;height:600px\" aria-label=\"Contenu embarqu\u00e9 uk-RSS-NMR-2004-2024.\"><\/object><a id=\"wp-block-file--media-2c64f25f-cae2-4cbc-94d0-db28c7701704\" href=\"https:\/\/rss-nmr.info\/wp-content\/uploads\/2024\/09\/uk-RSS-NMR-2004-2024.pdf\">uk-RSS-NMR-2004-2024<\/a><a href=\"https:\/\/rss-nmr.info\/wp-content\/uploads\/2024\/09\/uk-RSS-NMR-2004-2024.pdf\" class=\"wp-block-file__button wp-element-button\" download aria-describedby=\"wp-block-file--media-2c64f25f-cae2-4cbc-94d0-db28c7701704\">T\u00e9l\u00e9charger<\/a><\/div>\n\n\n<p class=\"MsoNormal\" style=\"mso-margin-top-alt: auto; mso-margin-bottom-alt: auto; margin-left: 18.0pt; line-height: normal;\"><span lang=\"FR\">C'est une technique bas\u00e9e sur la recherche via l effet Kirlian et la RSS qui offre de nombreuses possibilit\u00e9s aux g\u00e9ologues et g\u00e9ophysiciens dans des champs nouveaux ou de vieux champs en production. <\/span><\/p>\n<p class=\"MsoNormal\" style=\"mso-margin-top-alt: auto; mso-margin-bottom-alt: auto; margin-left: 18.0pt; line-height: normal;\"><span lang=\"FR\"><!-- \/wp:post-content --><!-- wp:list-item -->Cette m\u00e9thode fonctionne en utilisant la r\u00e9sonance magn\u00e9tique nucl\u00e9aire pour analyser diverses cibles telles que le p\u00e9trole, le gaz, les m\u00e9taux, les eaux, les diamants et les pierres pr\u00e9cieuses, les terres rares ainsi que les nodulespolym\u00e9talliques des fonds marins.<\/span><\/p>\n<p class=\"MsoNormal\" style=\"mso-margin-top-alt: auto; mso-margin-bottom-alt: auto; margin-left: 18.0pt; line-height: normal;\"><span lang=\"FR\"><!-- \/wp:list-item --><!-- wp:list-item -->Il est possible de t\u00e9l\u00e9charger un r\u00e9sum\u00e9 didactique en anglais uniquement sur l'utilisation de la RSS-NMR depuis cette page MAIS : <\/span><\/p>\n<p class=\"MsoNormal\" style=\"mso-margin-top-alt: auto; mso-margin-bottom-alt: auto; margin-left: 18.0pt; line-height: normal;\"><span lang=\"FR\"><!-- \/wp:list-item --><!-- wp:list-item -->D'autres documents sont disponibles dans les biblioth\u00e8ques sp\u00e9cialis\u00e9es des principaux pays producteurs de p\u00e9trole. <\/span><\/p>\n<p class=\"MsoNormal\" style=\"mso-margin-top-alt: auto; mso-margin-bottom-alt: auto; margin-left: 18.0pt; line-height: normal;\"><span lang=\"FR\"><!-- \/wp:list-item --><!-- wp:list-item -->Ces ressources fournissent des explications concr\u00e8tes sur les solutions uniques que seulement la technologie de Poisk Group peut d\u00e9velopper<\/span><\/p>\n<p class=\"MsoNormal\" style=\"mso-margin-top-alt: auto; mso-margin-bottom-alt: auto; margin-left: 18.0pt; line-height: normal;\"><span lang=\"FR\"><!-- \/wp:list-item --><!-- wp:list-item -->Les techniques RSS-RMN pour la r\u00e9-exploration des champs matures (Brown Field), permettant ainsi de continuer l'exploitation des champs p\u00e9troliers vieux de 70 ans voir abandonnes\u00a0<\/span><\/p>\n<p class=\"MsoNormal\" style=\"mso-margin-top-alt: auto; mso-margin-bottom-alt: auto; margin-left: 18.0pt; line-height: normal;\"><span lang=\"FR\"><!-- \/wp:list-item --><!-- wp:list-item -->La compilation d'informations sensibles sur des cibles gr\u00e2ce au \"mode discret\".<\/span><\/p>\n<p class=\"MsoNormal\" style=\"mso-margin-top-alt: auto; mso-margin-bottom-alt: auto; margin-left: 18.0pt; line-height: normal;\"><span style=\"font-size: revert; color: initial;\">Gr\u00e2ce <\/span><span lang=\"FR\">\u00e0 la technologie RSS-NMR, vous explorez pour votre entreprise puisque aucune autorisation gouvernementale n'est n\u00e9cessaire pour mener des explorations RSS-NMR. <\/span><\/p>\n<p class=\"MsoNormal\" style=\"mso-margin-top-alt: auto; mso-margin-bottom-alt: auto; margin-left: 18.0pt; line-height: normal;\"><span lang=\"FR\"><!-- \/wp:list-item --><!-- wp:list-item -->De plus, avec le \"mode discret\", aucune pr\u00e9sence physique sur le terrain n'est requise.\u00a0<\/span><span lang=\"FR\"><!-- \/wp:list-item --><!-- wp:list-item -->Toutes les op\u00e9rations sont effectu\u00e9es en laboratoire.<\/span><\/p>\n<p class=\"MsoNormal\" style=\"mso-margin-top-alt: auto; mso-margin-bottom-alt: auto; margin-left: 18.0pt; line-height: normal;\"><span lang=\"FR\"><!-- \/wp:list-item --><!-- wp:list-item -->L'\u00e9valuation du potentiel d'un concurrent avant l'acquisition de ses actifs est possible.<\/span><\/p>\n<p class=\"MsoNormal\" style=\"mso-margin-top-alt: auto; mso-margin-bottom-alt: auto; margin-left: 18.0pt; line-height: normal;\"><span lang=\"FR\"><!-- \/wp:list-item --><!-- wp:list-item -->La possibilit\u00e9 de stocker des donn\u00e9es sur des zones non ouvertes par un pays, en vue de leur exploitation future d\u00e8s que les licences seront disponibles, devient possible et on gagne du temps<\/span><\/p>\n<p class=\"MsoNormal\" style=\"mso-margin-top-alt: auto; mso-margin-bottom-alt: auto; margin-left: 18.0pt; line-height: normal;\"><span lang=\"FR\"><!-- \/wp:list-item --><!-- wp:list-item -->On peut r\u00e9clamer aupr\u00e8s des autorit\u00e9s des blocs \"sur mesure\".<\/span><\/p>\n<p class=\"MsoNormal\" style=\"mso-margin-top-alt: auto; mso-margin-bottom-alt: auto; margin-left: 18.0pt; line-height: normal;\"><span lang=\"FR\"><!-- \/wp:list-item --><!-- wp:list-item -->Si vous souhaitez obtenir des informations suppl\u00e9mentaires, n'h\u00e9sitez pas \u00e0 nous<br \/>contacter par e-mail \u00e0 l'adresse <a href=\"mailto:nmr-rss@nmr-rss.info\">nmr-rss@nmr-rss.info<\/a>.<\/span><\/p>\n<p><!-- \/wp:list-item --><!-- \/wp:list-item --><\/p>\n<p><!-- wp:list --><\/p>\n<p><!-- \/wp:list --><\/p>\n<p><!-- wp:list --><\/p>\n<p><!-- \/wp:list --><\/p>\n<p><!-- wp:image {\"align\":\"center\",\"id\":1704,\"sizeSlug\":\"full\",\"linkDestination\":\"none\"} --><\/p>\n<figure class=\"wp-block-image aligncenter size-full\"><img fetchpriority=\"high\" decoding=\"async\" width=\"869\" height=\"515\" class=\"wp-image-1704\" src=\"https:\/\/rss-nmr.info\/wp-content\/uploads\/2024\/02\/DIAPO08.jpg\" alt=\"comparaison sismique traditionnelle et RSS-NMR\" srcset=\"https:\/\/rss-nmr.info\/wp-content\/uploads\/2024\/02\/DIAPO08.jpg 869w, https:\/\/rss-nmr.info\/wp-content\/uploads\/2024\/02\/DIAPO08-300x178.jpg 300w, https:\/\/rss-nmr.info\/wp-content\/uploads\/2024\/02\/DIAPO08-768x455.jpg 768w, https:\/\/rss-nmr.info\/wp-content\/uploads\/2024\/02\/DIAPO08-600x356.jpg 600w\" sizes=\"(max-width: 869px) 100vw, 869px\" \/>\n<figcaption class=\"wp-element-caption\">\u00a0<\/figcaption>\n<\/figure>\n<p><!-- \/wp:image --><\/p>\n<p><!-- wp:image {\"align\":\"center\",\"id\":1370,\"sizeSlug\":\"full\",\"linkDestination\":\"none\"} --><\/p>\n<figure class=\"wp-block-image aligncenter size-full\"><\/figure>\n<p><!-- \/wp:image --><\/p>\n\n<!-- wp:image {\"id\":2070,\"sizeSlug\":\"full\",\"linkDestination\":\"none\",\"align\":\"center\"} -->\n<figure class=\"wp-block-image aligncenter size-full\"><img decoding=\"async\" width=\"419\" height=\"362\" src=\"https:\/\/rss-nmr.info\/wp-content\/uploads\/2025\/09\/cartouche-pour-page-rssnmr.jpg\" alt=\"\" class=\"wp-image-2070\" srcset=\"https:\/\/rss-nmr.info\/wp-content\/uploads\/2025\/09\/cartouche-pour-page-rssnmr.jpg 419w, https:\/\/rss-nmr.info\/wp-content\/uploads\/2025\/09\/cartouche-pour-page-rssnmr-300x259.jpg 300w\" sizes=\"(max-width: 419px) 100vw, 419px\" \/><\/figure>\n<!-- \/wp:image -->","protected":false},"excerpt":{"rendered":"<p>La Paz Pr\u00e9sentation de la R\u00e9sonance Magn\u00e9tique Nucl\u00e9aire (RSS-RMN) C&rsquo;est une technique bas\u00e9e sur la recherche via l effet Kirlian et la RSS qui offre de nombreuses possibilit\u00e9s aux g\u00e9ologues et g\u00e9ophysiciens dans des champs nouveaux ou de vieux champs en production. Cette m\u00e9thode fonctionne en utilisant la r\u00e9sonance magn\u00e9tique nucl\u00e9aire pour analyser diverses cibles [&hellip;]<\/p>\n","protected":false},"author":1,"featured_media":0,"parent":0,"menu_order":0,"comment_status":"closed","ping_status":"closed","template":"","meta":{"two_page_speed":[],"footnotes":""},"class_list":["post-1684","page","type-page","status-publish","hentry"],"_links":{"self":[{"href":"https:\/\/rss-nmr.info\/index.php\/wp-json\/wp\/v2\/pages\/1684","targetHints":{"allow":["GET"]}}],"collection":[{"href":"https:\/\/rss-nmr.info\/index.php\/wp-json\/wp\/v2\/pages"}],"about":[{"href":"https:\/\/rss-nmr.info\/index.php\/wp-json\/wp\/v2\/types\/page"}],"author":[{"embeddable":true,"href":"https:\/\/rss-nmr.info\/index.php\/wp-json\/wp\/v2\/users\/1"}],"replies":[{"embeddable":true,"href":"https:\/\/rss-nmr.info\/index.php\/wp-json\/wp\/v2\/comments?post=1684"}],"version-history":[{"count":9,"href":"https:\/\/rss-nmr.info\/index.php\/wp-json\/wp\/v2\/pages\/1684\/revisions"}],"predecessor-version":[{"id":2134,"href":"https:\/\/rss-nmr.info\/index.php\/wp-json\/wp\/v2\/pages\/1684\/revisions\/2134"}],"wp:attachment":[{"href":"https:\/\/rss-nmr.info\/index.php\/wp-json\/wp\/v2\/media?parent=1684"}],"curies":[{"name":"wp","href":"https:\/\/api.w.org\/{rel}","templated":true}]}}